e the remainder when 171 is divided by i(f).
42
Suppose 7*v = 35 + 56. Let t(w) = 6*w + 4. Let g = 6 + -3. Calculate the remainder when t(g) is divided by v.
9
Let z = -25 - -77. What is the remainder when (6 + -3 - -145) + 1 is divided by z?
45
Let d be (7 - 3)*(-447)/12. Let n = d + 96. Let x = 66 + n. What is the remainder when 38 is divided by x?
12
Calculate the remainder when 775 is divided by 2/(-3) - ((-13532)/6)/17.
115
Let k(u) = 22*u**2 - 3*u + 3. Let h be k(2). Let c = h + 0. Let x = -450 - -472. Calculate the remainder when c is divided by x.
19
Suppose 0 = 3*u - 3*j - 522, -39*u + 44*u - 902 = -3*j. What is the remainder when 7473 is divided by u?
175
Suppose -5*x + 4*d + 1098 = -3233, -2*x + 5*d + 1729 = 0. Suppose x*s - 868*s + 5 = 0. What is the remainder when 8 is divided by s?
3
What is the remainder when (-7)/(63/(-11896)) + ((-24)/(-54))/2 is divided by 31?
20
Let d be ((-3)/2)/((-3)/(-24)*-4). Suppose -3*z - 48 = -3*v, 51 = d*v - 4*z + 2*z. Let a = v - 12. What is the remainder when 19 is divided by a?
5
Suppose 373 = -2*t + 383. What is the remainder when -1 + 86 + ((-8)/(-4) - t) is divided by 21?
19
Let v(y) = 2*y**2 - 15*y + 82. What is the remainder when v(16) is divided by 34?
14
Suppose y + i - 125 = 0, 18*y - 1378 = i + 910. What is the remainder when 1040 is divided by y?
24
Suppose -5 = -2*x - 13. Let k(u) be the second derivative of -7*u**3/3 - 18*u**2 + 8*u. Calculate the remainder when 97 is divided by k(x).
17
Let v(n) = n**3 - 4*n**2 + 12*n - 49. Calculate the remainder when v(7) is divided by 63.
56
Let w be (-1 - 0)*(61 + 2). Suppose 145 = 2*o - 11. Let z = w + o. Calculate the remainder when 24 is divided by z.
9
Suppose 5450 = 75*f + 3725. What is the remainder when 387 is divided by f?
19
Let w = -238 - -253. Suppose -37*j + 32*j = -w. What is the remainder when 17 is divided by j?
2
Let h = 56 - 66. Let c(j) = -12*j - 58. What is the remainder when c(h) is divided by 7?
6
Let j = 8 - -18. Let f(r) be the second derivative of 2*r**3/3 + 105*r**2/2 + 297*r. Calculate the remainder when f(-7) is divided by j.
25
Let a = 26 + -23. Suppose a*z + 2*t - 649 = 0, -4 = -3*t + 2. What is the remainder when z is divided by 27?
26
Let w(p) = p**2 + p + 2. Let h(i) = -i + 29. Let d be h(22). Suppose 0 = -o + d - 1. What is the remainder when w(-3) is divided by o?
2
Let m be 2/3*3 - (-1 - 2). Suppose m*p = 8 + 7. Calculate the remainder when ((-8)/(-3) + -2)/(4/42) is divided by p.
1
Suppose 1310*d + 294 = 1324*d. Calculate the remainder when 228 is divided by d.
18
Calculate the remainder when -6*(4/7 - (26 + (-153042)/(-161))) is divided by 31.
28
Suppose q - 3 = y, 4*y = 3*q - 5 - 2. Suppose q*x = -195 + 1665. What is the remainder when x is divided by 74?
72
Let s = -9 - -21. Let p = -26 + 100. Calculate the remainder when p is divided by 4*3/s*13.
9
Let j(f) = -3*f**3 - 31*f**2 - 3*f - 88. Let l(s) = -s**3 - 10*s**2 - s - 29. Let a(x) = -6*j(x) + 17*l(x). What is the remainder when a(-16) is divided by 13?
6
Suppose z = 5*p + 60, 2*z + 0*z - 134 = 3*p. Let t = z - 60. What is the remainder when 28 is divided by t?
8
Let c = -82 - -98. Suppose 4*a + 288 = 4*p, -2*p - p - a + 224 = 0. What is the remainder when p is divided by c?
10
Let c be 36/162 + 8656/9. Let p = -650 + c. Suppose -3*r + x + 239 = -0*r, 4*r + 2*x = p. Calculate the remainder when r is divided by 20.
19
Suppose -2189*l - 264 = -2192*l. What is the remainder when 364 is divided by l?
12
Suppose a = -4*o - 6 + 74, 38 = o - 5*a. Suppose k = 18 + 49. What is the remainder when k is divided by o?
13
Let a = 48 + -29. Suppose 2*w + 10 = 0, 4 + a = -h - 5*w. Suppose 20 = h*v + 6. What is the remainder when 48 is divided by v?
6
Suppose 2*s - 112 = -4*k - 0*k, 3*k - 180 = -3*s. Suppose 5*j + 3*g - 122 = 0, j + g - 36 = -10. Calculate the remainder when s is divided by j.
20
Let y(f) = -9*f - 59. Let a be y(-21). Let h = a + -47. Suppose -5*l + 464 = 4*v + h, 4*v - 5*l = 331. Calculate the remainder when v is divided by 4.
1
Calculate the remainder when (-1046568)/(-42) + (-74)/259 is divided by 71.
68
Suppose -33*o + 50916 = 15111. Let c = o + -1074. Suppose 5*y + 15 = 0, 3*y + 33 = 5*d - 81. Calculate the remainder when d is divided by c.
10
Let j(s) = s**3 + 18*s**2 + 31*s - 14. Let q be j(-16). Let i = 46 + -28. What is the remainder when -1 + -142*4/(-16)*q is divided by i?
16
Suppose 0 = 5*d - g - 2279 - 886, 5*d + 2*g - 3180 = 0. What is the remainder when d is divided by 125?
9
Let x(t) = -36*t + 522. Calculate the remainder when x(-12) is divided by 107.
98
Let i(r) be the first derivative of 105*r**2/2 - 57*r + 110. What is the remainder when i(4) is divided by 28?
27
Suppose 292 = 2*y - 52. Let r = -7885 - -7972. What is the remainder when y is divided by r?
85
Let f(g) = g**3 + 28*g**2 - 62*g - 61. Let v be f(-30). What is the remainder when (1370/(-1))/(v + -1) is divided by 49?
48
Let u(p) = -3*p - 7. Let x be u(-7). Calculate the remainder when 1 - 18/x - (-34203)/273 is divided by 16.
13
Suppose -4*v - 160 - 56 = 0. Let f = v - -54. Suppose -3*r + 333 = -f*r. What is the remainder when r is divided by 57?
54
Let l be ((-75)/12)/(8/32). Let x(q) = -q**2 - 27*q - 35. Calculate the remainder when 87 is divided by x(l).
12
Let a = 195 - 137. Suppose 4*v - 75 + 10 = -5*t, 4*v = 2*t + a. What is the remainder when 42 is divided by v?
12
Let n = -1278 - -1328. What is the remainder when 145 is divided by n?
45
Suppose 12 = 6*f - 7*f. Let i = 16 + f. Suppose -196 = i*x - 8*x. Calculate the remainder when x is divided by 17.
15
Let y = -1299 + 1328. What is the remainder when 33637 is divided by y?
26
Suppose -60*s - 15 = -63*s. Suppose -5*p - 5*z + 1324 = 99, -s*z - 245 = -p. What is the remainder when p is divided by 31?
28
Suppose -4*d = 2*o - 4, -2*o + 0*d = 2*d - 8. Suppose 0 = o*z - 12*z + 72. What is the remainder when 15 is divided by z?
3
Suppose 2*l + 42 = -150. Let h = l + 141. Calculate the remainder when h is divided by 24*(-5 + (-154)/(-28)).
9
Let q be (4 + -7)/(((-4)/(-36))/(-1)). Suppose -1416 = -q*s + 19*s. Calculate the remainder when s is divided by 92.
85
Let v(q) = 15*q - 11. Let r be v(2). Let p(t) = 29*t - 156. What is the remainder when p(r) is divided by 19?
15
Let q = -5564 - -6261. Calculate the remainder when q is divided by 265.
167
Suppose 505*c = 250082 - 4147. Calculate the remainder when c is divided by 9/15 - 134/(-10).
11
Let k = -774 - -1073. Calculate the remainder when k is divided by 76.
71
Calculate the remainder when 244 is divided by -11 + 4 + 7 + 33.
13
Let z be -15*(-12)/21*(-56)/(-80). What is the remainder when (z/(-4))/((-120)/7040) is divided by 13?
10
Suppose t - 2*x = x + 363, -766 = -2*t - 2*x. Let j = -361 + t. Calculate the remainder when 213 is divided by j.
9
Let s be (-1 + (-10)/8)/(48/(-64)). Suppose -3*y + 306 - 42 = s*b, 4*b + 312 = 4*y. Calculate the remainder when y is divided by 13.
5
Let n = -2966 - -2973. Suppose 2*i - 2*t - 54 = -i, -4*t = -4*i + 68. Suppose -4*y + 120 - i = 0. Calculate the remainder when y is divided by n.
4
Let n = -709 - -697. Let y(k) = -12*k + 1. What is the remainder when y(-1) is divided by (20/n)/((-215)/903)?
6
Let a = 1774 - 1758. Calculate the remainder when 27 is divided by a.
11
Let h(s) = 3*s - 635 + 0*s + 669. Let w = 26 - 17. What is the remainder when h(-6) is divided by w?
7
Suppose 0 = -10*u - 0*u + 400. Suppose -2*b - b = -3*l - 15, -4*b - l = -u. Let t(h) = 2*h**2 - 13*h + 14. Calculate the remainder when t(b) is divided by 12.
11
Suppose 3*k = -5*g - 548, 5*g - 48 = k + 128. Let d = k - -246. What is the remainder when 246 is divided by d?
51
Suppose 4*a + 344 = 12*a. What is the remainder when a is divided by (-1 + (-46)/(-16))*8?
13
Let l = -84 - -86. What is the remainder when 182 is divided by (-3 + 9 + -5)/(l/46)?
21
Let b = -15 - -115. Suppose b = m + 3*m. Calculate the remainder when m is divided by (-105)/(-15 + 12) - 20.
10
Let q = -22175 + 44649. What is the remainder when q is divided by 169?
166
Let t(d) = -d**3 - 8*d**2 - 9*d. Let q be t(-7). Let u = 1 - q. Let j = u - -26. Calculate the remainder when 77 is divided by j.
12
Let u(i) = -i**2 + 58*i - 73. Calculate the remainder when u(8) is divided by 55.
52
Suppose 351193